 0, -5*w = 5*u - 40. What is the units digit of u?
0
Suppose -d = 3*d + 72. Let i = 43 + d. What is the units digit of i?
5
Let x(o) = o**3 + 2*o**2 + 3*o + 1. Let d be 6*(0 - (-2)/(-6)). Let i be x(d). What is the units digit of i/((-15)/9)*2?
6
Let m = 12 + 25. What is the tens digit of m?
3
Let n = 18 + 0. What is the units digit of (84/n)/(2/3)?
7
Let a = 37 - 32. What is the units digit of a?
5
Let x(w) = 40*w. What is the units digit of x(2)?
0
Let m be ((-8)/(-20))/(2/(-120)). Let k = 28 + m. What is the units digit of k?
4
Let g = -12 + 24. Let s = -5 + g. What is the units digit of s?
7
Suppose -3*i + 1065 = 3*a, 4*a - 677 = -3*i + 739. What is the hundreds digit of a?
3
Suppose o + 8 - 2 = 0. Let k(m) = -2*m - 29. Let p(t) = -t - 15. Let u(q) = o*k(q) + 11*p(q). What is the units digit of u(0)?
9
Let l be -1*(-3 + -1) - -3. Suppose 0 = 2*p - 15 - l. What is the tens digit of p?
1
Suppose 3*r - 8 = 2*s - 28, -2*r = s + 4. Let i be 1 - (-1 - (-1 + r)). Let p = -2 - i. What is the units digit of p?
1
Suppose u = 4*u - 273. What is the units digit of u?
1
Suppose -4*a = -2*j + 16, -5*j + 7 = 3*a + 32. Let l(h) be the third derivative of -h**4/12 - h**3/2 - 3*h**2. What is the units digit of l(a)?
7
Suppose 0 = -2*r + 28. Suppose 3*u = 5*u - r. Let o = 6 + u. What is the tens digit of o?
1
Let w = 3 - -4. Suppose 3*n - 2*r = 13, w*n - 2*n + 2*r = 27. What is the units digit of n?
5
Suppose c + 1 = -1. Let g = c - -16. What is the tens digit of g?
1
Let s = 9 + -3. What is the tens digit of (-3)/(-2)*52/s?
1
Suppose 87*p + 72 = 88*p. What is the tens digit of p?
7
Let v(d) = -2*d + 1. Let c be v(12). Let j = c - -40. What is the units digit of j?
7
Let r be (-2)/3 - (-1000)/24. Suppose -3*v = -4*v + r. What is the units digit of v?
1
Suppose 2*g + 5*t = 159, 2*g + 96 = 3*g - 3*t. What is the tens digit of g?
8
Let j = -4 - -9. Let p be ((3 - j) + 7)*6. Suppose -5*x + v = -55, 0*x - 4*v + p = 5*x. What is the tens digit of x?
1
Let y(b) = b**3 - 3*b**2 - 5*b + 1. Let r be y(4). Let s = 6 + r. What is the units digit of s?
3
Let k(d) = -d**3 - 9*d**2 + 2. Let x be k(-9). Let n(p) = -p**3 - p**2 + 2*p + 1. Let u be n(-1). What is the units digit of -1 - (u - x) - -3?
5
Let i(x) = -5 + 3*x - 10*x + 6*x. What is the units digit of i(-6)?
1
Let d(j) = 55*j - 31. What is the tens digit of d(7)?
5
Suppose 379 = 7*i - 223. What is the tens digit of i?
8
Suppose 0*q = -4*q. Let g be 11/44 - 11/(-4). Suppose q*d + g*d = 39. What is the tens digit of d?
1
Let u(g) be the first derivative of -g**3/3 - 3*g**2 - 4*g + 6. Let q(v) = -v + 2. Let r be q(6). What is the units digit of u(r)?
4
Let d = -4 + 4. Suppose -5*r = -u + 25, 4*u = r - d*r + 62. What is the tens digit of u?
1
Suppose -26 - 14 = 5*f. Let x = f - -14. What is the units digit of x?
6
Suppose -5*x = 2*o - 24, x + x - 18 = -5*o. Let y = -1 - -2. Let p = x + y. What is the units digit of p?
5
What is the units digit of (2/6)/(6/72)?
4
Let v be -2*-1*7/2. What is the units digit of v - (-2)/((-6)/3)?
6
Let n = 4 - 8. Let y be 25/4 + n/16. Suppose -a - k = -y*a + 5, -a + 4*k + 1 = 0. What is the units digit of a?
1
Suppose -4*a = o - a - 67, o - 71 = a. What is the tens digit of o?
7
Suppose -5*k - 493 = -3*m - 76, 4*k - 300 = -2*m. What is the units digit of m?
4
Let j(i) = -i**2 + 7*i - 1. Let h be j(3). What is the units digit of 524/22 + 2/h?
4
Let t(f) = f**2 + 2*f + 3. What is the units digit of t(-7)?
8
Suppose -7*x = -2*x + 210. Let h = -9 - x. What is the tens digit of h?
3
Let v = -5 + 7. Let s be (-2)/(2/(-3)) - v. Suppose -o + 5 = w - s, 0 = 5*o - 5*w - 10. What is the units digit of o?
4
Suppose -3*n = -6 - 9, 0 = y - 3*n + 9. Let j(x) = -x - 1. Let s be j(y). Let o = 15 + s. What is the units digit of o?
8
Let k(n) = 6*n + 0*n**3 + 3 - n - 3*n**2 - n**3. Let w be k(-5). Let b = -16 + w. What is the tens digit of b?
1
Let l = 14 - -6. Suppose 30 = 4*v - 2*x, -2*v + l = 3*v + x. What is the units digit of v?
5
Suppose h - 3*d = 6, 0 = -h + 5*d + 18 - 2. What is the tens digit of (-201)/h - (-2)/3?
2
Let b(j) = j - 3. Let f = 5 - -2. What is the units digit of b(f)?
4
Suppose 4*z + 2 = -5*g - 1, -3*z - 6 = 0. What is the units digit of g?
1
Let h = -179 + 225. What is the units digit of h?
6
Suppose -5*y + 114 = -1. What is the units digit of y?
3
Let j(f) = f**2 + 3*f + 1. Let h be j(-2). Let v(m) = 27*m + 11. Let z(w) = -14*w - 6. Let p(l) = -6*v(l) - 11*z(l). What is the units digit of p(h)?
8
Let n be 6 + -4 - -4*1. Let v = -3 + n. Suppose -3*g - 2*u = -15, -4*g - 3*u - v = -22. What is the units digit of g?
7
Let n = 7 - 2. Suppose -7 = -n*a - 57. Let z = 17 + a. What is the units digit of z?
7
Let v(a) = -a + 4. Let j be v(0). Suppose -2*r + 12 = 2*r - x, -x + 4 = j*r. What is the units digit of (-1)/(-4)*2*r?
1
Let t(r) = -r + 9. Let c be t(7). Suppose 1 + c = -i. What is the units digit of 1 + -1 - i/3?
1
Let s(k) = -k**2 - 10*k + 9. What is the units digit of s(-5)?
4
Let f(v) = v + 10. What is the units digit of f(-5)?
5
Suppose -2*i - 3*g + 19 = 0, 0 = -0*i - 2*i - 2*g + 16. Let q be i + (2 + -3)*-1. Let u(w) = -w**2 + 6*w + 7. What is the units digit of u(q)?
7
What is the tens digit of 2 + (-7)/(7/(-78))?
8
Suppose v - w = -v - 4, 4*w - 16 = -2*v. Suppose v*g = 3*g - 42. What is the tens digit of g?
1
Suppose -2*m - 665 = -4*s - 73, -2*m = s - 158. What is the units digit of s?
0
Let w(f) = 47*f - 10. What is the units digit of w(2)?
4
Let v be (9/6)/(((-18)/(-8))/3). Let h(s) = s**3 - s**2 - s + 5. Let p be h(0). Let a = p - v. What is the units digit of a?
3
Let w = 51 - 10. What is the tens digit of w?
4
Let v(c) = -c**2 + 7*c + 1. Let u be v(6). Suppose 0 = f - 6 - u. What is the units digit of f?
3
Let r(l) = -l**3 + 7*l**2 + 10*l + 6. What is the tens digit of r(8)?
2
Suppose 4*g = -0*g + 20. Suppose -4*d = -w - 9, g*w - w = 12. Suppose -d*f + 0 = -9. What is the units digit of f?
3
Let a = -83 - -131. What is the units digit of a?
8
Let l be (-420)/(-26) - (-2)/(-13). Let h = l + 10. What is the tens digit of h?
2
Suppose -2*g - 11 + 181 = 0. What is the units digit of g?
5
Let v(f) = f**3 + 8*f**2 + 10*f - 9. Let q be v(-8). Let p = q + 128. What is the tens digit of p?
3
Suppose 0 = -21*h + 3*h + 3834. What is the units digit of h?
3
Let r = -10 + 16. Let m be (-2)/(-2 - 8/(-3)). Let z = r + m. What is the units digit of z?
3
Suppose 0 = 5*y + 5 + 5. Let n be 1*27/(-1 + y). What is the units digit of (n/(-4))/(3/16)?
2
Let u = 3 - 6. What is the tens digit of (13 + -3)*-1*u?
3
Let c = -37 + 75. What is the tens digit of c?
3
Let d(h) = -h**2 + 16*h + 8. What is the tens digit of d(14)?
3
Let o(m) = -m**2 + 12*m - 11. Let d(t) = 118*t + 4. Let c be d(4). Let s be c/49 + 4/14. What is the units digit of o(s)?
9
Let q(s) = -s**3 - 5*s**2 - 2*s. Let i(n) = n - 5. Let b be i(0). What is the tens digit of q(b)?
1
Let w be (-4)/8 + 310/4. What is the units digit of (-12)/18 + w/3?
5
Suppose -6*c = -2*c - 200. What is the tens digit of c?
5
Let v be 1*9*(-200)/15. Let m be ((-21)/(-28))/((-2)/v). Let d = m + -29. What is the units digit of d?
6
Suppose 2 = h, 0*o - 3*h = 5*o - 426. What is the units digit of o?
4
Let q(u) = u**3 + 7*u**2 - 8*u + 5. Let t be q(-8). What is the units digit of (-196)/(-35) - (-2)/t?
6
Let k(t) = -5*t + 5. Suppose -3*b + 7*b + 20 = 0. Let j be k(b). Suppose l = 3*l - j. What is the units digit of l?
5
What is the units digit of (50/20)/((-1)/(-2))?
5
Let j(t) be the second derivative of 23*t**3/6 - t**2 + 2*t. What is the tens digit of j(1)?
2
Let f be (-32)/(-12)*(-6)/4. Let u = 1 - -2. Let r = u - f. What is the units digit of r?
7
Let v = -106 - -238. Suppose -r + 8 = -0*r - 4*w, -3*w + v = 5*r. Suppose 0*y = -4*y + r. What is the units digit of y?
6
Suppose 11*g = 6*g + 205. What is the tens digit of g?
4
What is the units digit of ((-8)/(-12))/(8/588)?
9
What is the units digit of 14/35 + -2 + 1119/15?
3
Suppose 0 = 4*s + 4*n - 48, 0*s + 4*s = 2*n + 60. What is the units digit of ((-2)/(-4) + 0)*s?
7
Let v(u) be the third derivative of u**4/24 - 7*u**3/6 + 15*u**2. Let p be 9/(-6)*(-5 + -1). What is the units digit of v(p)?
2
Let v be (-2 - -2) + (-3 - -5). Let s = v + 3. What is the units digit of s?
5
Let n be -6*1/(1 - 4). Let